t is the units digit of g?
3
What is the units digit of (1728/(-240))/((2/(-5))/1)?
8
Suppose -9 = -5*l + 1. Suppose 5*w + l = 37. Let s = 23 - w. What is the units digit of s?
6
Let s be 1058/14 + 24/56. Suppose -w = 3*w - s. What is the tens digit of w?
1
Let s(h) = h**3 - 13*h**2 - 14*h + 4. Let p = 5 + 0. Suppose -p*x + 35 = -35. What is the units digit of s(x)?
4
Let x(u) = 7*u - 2. Let q(z) = 2*z + 20. Let i be q(-6). What is the tens digit of x(i)?
5
Let t(y) = -y**3 + 7*y**2 - 5*y + 8. Let s be 119/21 - (-1)/3. What is the units digit of t(s)?
4
Let o be 144 - ((-4)/(-1) + -6). Suppose o = 3*z - 124. What is the tens digit of z?
9
Suppose 0 = 38*s - 38483 - 29005. What is the hundreds digit of s?
7
Suppose -8*o + 1032 = -2*o. Suppose 4*y = -v + 3*v + 228, -3*y + 2*v = -o. What is the tens digit of y?
5
Let u(a) = 6*a**2 + 4*a - 1. Let z be u(4). Suppose -z = -3*o + 57. Let g = -2 + o. What is the tens digit of g?
5
Let b = 52 - -156. Suppose z + b = 4*d - 3*z, -4*z = 0. What is the units digit of d?
2
Let u(g) = -2*g**2 + 3*g**2 - 605 + 555 + 22*g. What is the tens digit of u(-29)?
5
Let h = 174 + 933. What is the units digit of h?
7
Suppose -3*i + 4 + 212 = 4*m, 0 = 2*m - 2*i - 122. Let t = m - 33. What is the units digit of t?
4
Suppose -4*n + 8 = 0, -2*n = -3*l - l + 8. What is the units digit of 47/(l - (-10)/(-5))?
7
What is the tens digit of (-46224)/120*(-10)/4?
6
Let t be (-21)/(-6) - (-1)/(-2). Suppose -27 - 87 = t*f. What is the tens digit of 1 - (-4)/(-8)*f?
2
Let d(l) = 11*l**2 + 10*l - 1. Let z be d(-4). Let v = z - 129. What is the units digit of v?
6
Suppose -k + 9 = 2*y - 9, 4*k - 4*y = 108. Let l be (-18)/4*(-608)/k. Suppose 4*c = l + 90. What is the tens digit of c?
5
Let a(i) = -11*i + 12 + 4 + 5*i**3 - 13*i**2 - 6*i**3. Suppose 2*h + 17 = -7. What is the units digit of a(h)?
4
Let b(q) = -q**2 + 81*q - 231. What is the hundreds digit of b(56)?
1
What is the hundreds digit of (-5*30/125)/(2/(-1415))?
8
Let m(z) = z**3 - 5*z**2 + 5*z - 3. Let p be m(3). Let r(k) = -13*k + 15. What is the units digit of r(p)?
3
Let s = 41 + -41. Suppose s = t - 3*t + 5*i + 55, -2*i = 6. What is the units digit of t?
0
Let l(c) = c**3 - 9*c**2 + c - 8. Let x be l(9). Let n be x*(1 - 4/(-2)). Suppose -75 = -n*s + 2*h, -4*s + 3*h + 72 = -s. What is the units digit of s?
7
Suppose -1518 = -m + 2*d, d = m - 5*m + 6072. What is the hundreds digit of m?
5
Let t = -98 - -96. Let h(u) = -u**2 + u + 2. Let m be h(2). What is the units digit of t + (m - (-61 - -1))?
8
Let r = 11 + -7. Suppose -45 = r*u + u. Let c = 13 + u. What is the units digit of c?
4
Let q(a) = -4*a**3 + 7*a**2 + 5*a - 1. Let y be q(-1). Let v(m) = 0 + 3 - 5*m + 3*m**2 - 4. What is the tens digit of v(y)?
4
Let b be (-30)/45 + (-4)/(-6). Suppose 0 = -3*y - 3*x + 129, -2*y + x + 2*x + 101 = b. Let l = y + -24. What is the tens digit of l?
2
Let r(v) = -76*v + 375. What is the hundreds digit of r(-34)?
9
What is the units digit of (15/(-9))/((-9)/4077)?
5
Let g be (-1)/(-3*5/60). Let q(c) = 14*c**2 + 12*c - 13. What is the tens digit of q(g)?
5
Let t = 1188 - 698. What is the hundreds digit of t?
4
Let y be 5*2*(-1 - -4)/6. Suppose y*i + 69 = 6*i. What is the tens digit of i?
6
Let g(r) be the third derivative of r**4/4 + 5*r**3/2 + r**2. Suppose v - 9 = l + 4*v, -l = 2*v + 4. What is the units digit of g(l)?
1
Let d be 22/8 + (-3)/(-12). Let c(g) = 2 - 6*g + g**3 + 4 + d*g + 5*g**2 + 0*g. What is the tens digit of c(-5)?
2
Suppose -3*d - 1 = -4*a - 8, 0 = -2*a - 2. Suppose d = -4*f - 7. What is the units digit of (-1)/f - (-39)/2?
0
Let h(b) = -3*b**3 - 26*b**2 + 5*b - 45. What is the units digit of h(-13)?
7
Suppose k = 7 - 9. Let j be k + 8/(0 - -2). Suppose -6 + 32 = j*z. What is the tens digit of z?
1
Let j = 29 + -29. Suppose n = 5*x - 1 - 214, -2*x + n + 83 = j. What is the tens digit of x?
4
Suppose 9*b + 0*b = 4833. What is the units digit of b?
7
Suppose -7*k + 12*k - 2235 = 0. Let d = k + -240. Suppose g = 4*p - 168, -p + d = 4*p - 2*g. What is the units digit of p?
3
Let s(g) = -258*g**3 + 7*g**2 - 20. What is the hundreds digit of s(-2)?
0
Let u be 155/9 - (-2)/(-9). Suppose -u = 3*m - 56. Let v = -1 + m. What is the units digit of v?
2
Let x(c) = c**3 - 7*c**2 + 7*c + 4. Let n be x(6). Let l = -76 + n. Let m = -38 - l. What is the units digit of m?
8
Let j(x) = 4*x**2 - 10*x + 6. Let q be (-1 - -3) + 6 + -1. Let y be j(q). Suppose -4*b + 8*b = y. What is the units digit of b?
3
Suppose -27 = -10*u + 7*u. Suppose 2*b - 59 - u = 0. What is the tens digit of b?
3
Suppose -204 = -5*x + u, 2*x - 3*u + 85 = 4*x. Let v = 0 + x. What is the tens digit of v?
4
Let s(z) = -z**2 + 8*z + 5. Let d be s(8). Suppose -7*a - 74 = -d*a. Let g = -16 - a. What is the tens digit of g?
2
Suppose -1965 = -12*k + 6855. What is the tens digit of k?
3
Suppose 6*n - 8*n = -374. Suppose n + 125 = -4*m. Let x = -41 - m. What is the units digit of x?
7
Let o(c) = -4*c + 16. Let g be o(4). Suppose g = -3*t + t + 140. Suppose 0 = 6*p - 11*p + t. What is the units digit of p?
4
Let o = 435 + -89. What is the tens digit of o?
4
Let k be (3 - 2)*(1 - 1 - -2). Suppose -4*v = -4*b + 224, k*v = 2*b - 3*b + 62. What is the units digit of b?
8
Let f = 555 - 256. Let s = -16 - f. What is the tens digit of (s/(-5) - 2) + -4?
5
Let r(u) be the first derivative of 11*u**3/3 + 5*u**2 - 8*u + 42. What is the hundreds digit of r(4)?
2
Let g(a) = a**2 + a + 4. Let y be g(-6). Let x be ((-14)/(-5))/(26/65) - 26. Let h = x + y. What is the tens digit of h?
1
Let h = 313 + -65. What is the tens digit of h?
4
Suppose -k + 6 = 2*p - 4, 2*p + 5*k - 10 = 0. Suppose 40 + 440 = p*w. Let v = -54 + w. What is the units digit of v?
2
Suppose 348*k - 340*k - 7200 = 0. What is the units digit of k?
0
Let i = 127 + 258. What is the tens digit of i?
8
Let z(v) = v**3 - 16*v**2 - 35*v - 39. What is the hundreds digit of z(19)?
3
Let f(z) = -z**3 + z**2 + 5*z + 310. What is the tens digit of f(0)?
1
Suppose 8*i = 489 + 2311. What is the hundreds digit of i?
3
Let c be (998 - 10) + 0 + 2. Suppose 5*g - 366 - 1321 = 4*t, -3*g - 5*t = -c. What is the tens digit of g?
3
Let d(p) = -50*p - 499. Let l be d(-6). Let s = -41 + -101. Let c = s - l. What is the tens digit of c?
5
Suppose -16*f + 6*f = -230. Suppose -f*r = -33*r + 130. What is the tens digit of r?
1
Let a = 2621 + -1471. What is the units digit of a?
0
Suppose 0 = 26*u - 932 - 10638. What is the tens digit of u?
4
Let y = -1608 + 3770. What is the hundreds digit of y?
1
Let f be -4 - ((0 - -1) + -1). Let a be (3/(-6))/(2/f). Let q(l) = 15*l - 1. What is the units digit of q(a)?
4
Suppose -5*i - 103 = -b - 638, 0 = 5*b + 25. Let t = i + -47. What is the tens digit of t?
5
Let u(h) = -3*h + 2. Let t be u(-2). Let i be ((-148)/t)/(1/(-2)). Let o = -26 + i. What is the tens digit of o?
1
What is the units digit of (-357 - 0 - 6)*(-4 + 1)?
9
Let d = 0 + 10. Let w be d/90 + (-1)/9. What is the units digit of w - (-12)/(12/3)?
3
Suppose 0 = -3*g - 0*g + 6. Let i be (g - 3)/((-2)/6). Suppose -2*n = j - 20, -i*n + j + 17 = -13. What is the tens digit of n?
1
Suppose 11 = 11*g - 5819. What is the tens digit of g?
3
Let v(t) = t**2 + 16*t - 47. What is the hundreds digit of v(19)?
6
What is the tens digit of (-406)/(-58) - 1654*15/(-6)?
4
Suppose -5*r + s = -2*s - 370, s - 222 = -3*r. Suppose 3*c - 118 = 4*v, 2*v - r = -2*c - 0*v. What is the units digit of c?
8
Let l be (-276)/(-27) + 2/(-9). What is the units digit of 2/l + (-258)/(-10)?
6
Suppose 8*l = 3*l + 20. Suppose 5*o - 759 = -l*v, -4*o + 9*o + 3*v - 758 = 0. What is the hundreds digit of o?
1
Suppose -2*z - 3*z + 2890 = 5*n, 1735 = 3*n + 2*z. What is the tens digit of n?
7
Let o(a) = a**3 + 11*a**2 + 7*a + 8. Suppose 4*v + 3*s = -42, -v + 3*s - 13 = 5*s. What is the tens digit of o(v)?
0
Suppose d + 11*x - 6*x = 1611, 2*d = -4*x + 3222. What is the units digit of d?
1
Let k = -134 + 69. What is the tens digit of (2 - 6) + (-3 - k)?
5
Let s(o) = o**3 + 9*o**2 - 6*o + 4. Let l be s(-10). Let k(n) = -n**2 + 2*n - 1. Let y be k(-2). Let u = y - l. What is the units digit of u?
7
What is the units digit of -15*(0 - 485/25)?
1
Let u be (-56)/(-21)*9*2/(-8). What is the units digit of (-80)/60 + (-1250)/u?
7
Let v(a) = 614*a*